e of (-72 - -129 - (12 - 2)) + (2 - -10)?
59
What is -56020 + 56011 + (83 - (0 - -1))?
73
(-88 - 18) + (4 - (29 - 47))
-84
-33 + 2 + -3 + (-39 + 94 - 64)
-43
Evaluate -580 + 542 + (149 - 8).
103
Calculate 32 - (168 - 42 - 95).
1
Evaluate (45 - (-46 - -51)) + 2.
42
Calculate 0 - (8 + (-9 - -17) + (-13 - -5)) - 49.
-57
Evaluate 0 + -4 + -5 + 16 + (-8 - 8) - -4.
-5
What is the value of (11 - (20 + -1 + -22 + 24)) + -15?
-25
(3 + 11 - 12) + 31 + -98
-65
What is 8 + -126 - (-10 + -53)?
-55
What is 3 - ((-2 - -1) + 20 + (-659 - -669))?
-26
What is 17 - (-8 - (1 + -3)) - (11 + -8 - 2)?
22
Calculate (10 - -1) + (-32 - (-105 - -59)) - -19.
44
Evaluate (24 - (23 + 1 + -47)) + -9 + 2.
40
What is the value of -619 + 652 + 38 + 4?
75
(-291 - -333) + (-4 - 3)
35
-20 + (-16 + -2 - (-200 - -167)) + 132
127
Calculate 1 + 0 + 40 + (2 - 6 - (-937 - -930)).
44
Evaluate 15 - (-3 - (-3 + -1 + -155) - (-424 - -414)).
-151
What is 21 + (9 - -2) + 2 + -25?
9
-5 + 9 + -13 + 23 + 128 + -106
36
What is the value of (-11 - (0 + 3)) + (56 - (-11 + 29))?
24
-147 + 151 + (8 + (6 - 8) - (59 + 1))
-50
Evaluate -101 + 54 - 128 - -101.
-74
Calculate 39 + (-17 + 46 - 9 - 11) + (0 - -6).
54
What is the value of -78 + 95 + (-51 - -8)?
-26
Calculate 114 + -78 + (-6 - -6).
36
What is 3 + 2 + -27 + 0 + -1 + 11450 + -11441?
-14
-16 + (-8 - -9 - 7 - -11) + -3 + 78
64
What is (122 - (127 + -10)) + -2 + 105 + 3?
111
What is the value of (17 - -1) + (4 + -14 - 17 - -15)?
6
What is (2 - (-2 - 7)) + (7 - (14 + -5)) - -28?
37
Evaluate 14 + -13 + (0 - -11) + (-15 - -9).
6
What is the value of 28 - -3 - 15 - 9?
7
Evaluate 941 + -991 - (2 + -86).
34
What is (-17 - (-143 + 43)) + (3 - -2 - 7 - 5)?
76
What is -24 + (60 - (67 - 56))?
25
What is the value of -460 + 360 - (-5 - 29 - -2)?
-68
Evaluate 0 + 52 + (-100 - -25 - -66).
43
What is 6 + -12 + -63 + 10 - (-18 - -17)?
-58
-31 + 83 + (-54 - -4) - (-10 - 0)
12
(4 - 2) + -14 + 273 + -266
-5
Evaluate -71 + -26 - (145 - 204).
-38
What is 16 - (110 - 104 - 12)?
22
What is (0 - -3) + 7 + -1 + 69 + -68 + 8?
18
What is -6 + 5 + -37 + (-13 + 41 - 26)?
-36
What is (10 - (12 + (-49 - 8) + -13)) + -12?
56
Calculate 34 + (-249 - -54) + 118.
-43
Calculate 5 - 11 - (-24 + (-1 - 3)).
22
(-1 - 6 - -1) + (228 - 151) - (5 - -5)
61
What is the value of (-8 - -7) + -6 - (28 + -59 - 29)?
53
Calculate 50 + 32 + 29 + -95.
16
Evaluate (34 - 3 - (-97 - -150)) + 13.
-9
-9 + -77 - (-151 + 31)
34
(33 - 26) + 2 + 3 + -5 + (-146 - -127)
-12
94 + (3 - 12) + (-13 - (2 - 1))
71
What is -341 - -351 - (-13 - 29)?
52
What is (2 - 7) + (-13 - (-83 - (0 + -3)))?
62
Calculate (61 - 239) + 95 + 7.
-76
-4 - (23 + 14 + -30)
-11
Evaluate -242 + 536 + -270 + (18 - (2 + -1)).
41
What is the value of -36 + 39 - 23 - -71?
51
-5 + 4 + 44 + (196 - 202)
37
Evaluate 11 + (16 + 6 + 11 - 21).
23
Evaluate 10 + 55 + 9 + -16.
58
What is 12 + -1 + (11 - 11) + 30 - -12?
53
Calculate -58 - -159 - (-18 + 82).
37
-53 + 61 + 103 + -101
10
-5 + -2 + 9 + -9 - (19 - -9)
-35
What is -11 + (-10 - (5 + -29)) + -4 + 30?
29
What is the value of -11 + -16 + 20 - 0 - -47?
40
60 - (-52 - -146) - (19 + 0) - (5 - -5)
-63
Evaluate -5 - (-70 + (-9 - -14) - (0 - 8)).
52
What is 5 + (12 - (-8 - (-8 + -2) - 14))?
29
What is the value of -18 + -1 - -19 - ((0 - -3) + -71)?
68
Evaluate -67 + -34 + 2 + (0 - -34).
-65
What is -90 - -32 - -65 - (15 + 0) - 8?
-16
Calculate (52 + (-7 - 28) - (1 - -7)) + (-16 - -2).
-5
Calculate -1 + 3 + -2 + 20 + (12 - (-22 + 30)).
24
What is 42 - (10 + 67 - -4)?
-39
41 + ((20 - -13) + -75 - 110)
-111
-24 - ((2 - 5) + 11 + 15)
-47
Calculate 2 + (-2 + 13 + (36 - 49) - -7 - 18).
-11
What is 19 + -42 - (1 + (-6 - -24) + -170)?
128
What is the value of 2 - (8 - 11) - -34 - 136?
-97
Calculate (19 - 28 - 12 - 0) + -15.
-36
-12453 - -12419 - (0 + 0)
-34
What is the value of (-49 - -164) + -31 - -46?
130
What is -13 + -13 + -9 + 4 + 21?
-10
-38 - -26 - (-14 - (-44 - 19))
-61
Calculate -78 + 89 - (26 + -1) - 7 - -9.
-12
Calculate (26 - -85) + -56 - 63.
-8
What is 58 + 0 - ((-191 - -184) + 0 + 19)?
46
What is the value of (16 - -5) + -12 + (6 - (6 - -86))?
-77
-13 + -13 + 21 + -14 + -24 + -4
-47
What is the value of 3 - (-26 + 3 + -15 + 7) - (4 + 6)?
24
What is (11 - (-4 + 6) - 16) + 0 + -4 - -39?
28
Calculate -21 + 16 + -15 - (-53 - 8).
41
What is 2 + 13 + 0 + (-100 - -35 - -31)?
-19
What is the value of (42 - 0) + 2 + (13 + -14 - 14)?
29
Calculate (23 - (18 + 36 - 24)) + -34.
-41
What is the value of -3 + (4 - 5) - (675 - 724)?
45
What is the value of (-61 - (5 + -17)) + (5 - 10) + -1?
-55
Evaluate -34 + 65 - (-9 + 10).
30
-1 + 0 + 1 + (-61 - (-7 - 79))
25
Evaluate 145 + -151 - (1 + -1) - (-6 + -7).
7
Calculate 7345 + -7270 + (-43 - 1).
31
What is the value of -86 - (4 + 0 + -7 + (-383 - -400))?
-100
What is (-7 - 13 - (-29 - 141 - -14)) + -16 + 5?
125
-6 - (-24 - -2 - (-15 + 7 + 46))
54
What is the value of -66 + 27 - (3 + 2 - -15 - 4)?
-55
What is (13 - (18 + 6)) + 11 + -67 + -1?
-68
Calculate 7 - -3 - (-103 + 110).
3
What is -16 - (33 + -4 + -48) - -8?
11
-81 + (2 - 22 - (-549 - -532))
-84
(26 - -34) + -62 - -36
34
1 + (18 - 20 - -17)
16
What is the value of 12 - -1 - (-65 - (-19 - 28))?
31
Evaluate (26 + 3 + -33 - -10) + -38 + 1 + -3.
-34
133 + -64 + -158 + 58
-31
What is -101 + (-15 - (-59 - (-67 - -42)))?
-82
Calculate (77 - (84 - -24)) + 102.
71
Evaluate -40 + 60 + -11 - (14 - -1).
-6
(-10 - 1) + ((-35 - -78) + -47 - (-52 - -2))
35
1 + 45 - ((-9 - (-28 + 9)) + -9 + -2)
47
Evaluate -71 + 155 + -36 - 8.
40
What is -12307 + 12232 - (6 + -2 - -2)?
-81
Calculate 2 - 47 - (-79 + 5) - 173.
-144
Evaluate -6 - (64 + -4 - (-14 - -9)).
-71
What is 17 + (-29 - -13 - -16) + -31?
-14
What is 289 - 267 - ((-3 - -10) + -3 + -17)?
35
(421 + -414 - ((-26 - 1) + 5)) + -1 + 14
42
Calculate 70 - (-14 + 11) - (95 + -82).
60
Calculate -6 + 0 + -1 - (46 - -2 - 80).
25
What is -7 - (40 - (-104 + 87))?
-64
What is (-7 - 27) + (8 - -4 - 4 - 8)?
-34
What is (-6 + (-3 - -6) - -36) + 0 + -11?
22
What is 26 - (-36 + (82 - 8) + 25)?
-37
What is (20 - (4 - 4)) + (48 - 52) + -12?
4
9 + 33 - 30 - 2
10
(51 + -84 - -13) + 33 - (-95 + -2)
110
What is -391 + (-225 - -622) - (9 + -2 + 3 + 0)?
-4
Evaluate -16 + 166 + -104 + (-3 - (0 - (0 - 2))).
41
Calculate 1 + 32 + (-40 - 9).
-16
71 + (-55 - -44 - (-1 + -8 + -1))
70
What is -12 - (-22 + (12 - -1 - -11))?
-14
What is (2 - (-4 - -20)) + (-157 + 167 - (5 - -1))?
-10
Evaluate (-4 + -84 - (-1 + -2 + -1)) + -109 + 119.
-74
Evaluate -9 + -8 - (-22 - (0 - 7)) - 12.
-14
Evaluate (-23 - (-2 + (12 - 12) + 15)) + -10.
-46
What is the value of -9 + 1 - (-90 + 48 + 25 + -53)?
62
What is 3 + -9 + 170 + -162 + -24?
-22
Evaluate 230 + -211 + (-11 - (53 + -3)).
-42
What is -39 + -58 + 140 - 117?
-74
Calculate -952 + 964 + (1 - -19) + 18.
50
What is (-4 - (38 + -21 + -31)) + (-2 - -1)?
9
124 + (2 + -35 - 42)
49
Evaluate (3631 - 3617) + -60 + 1.
-45
Evaluate 25 - (15 + -4 - -1) - -48 - 11.
50
-2812 - -2819 - (40 + 1)
-34
What is the value of (-75 - -85) + (0 - 31) + (8 - 2) + -16?
-31
What is the value of -53 + 50 + 34 + -33?
-2
Calculate -16 - -5 - (2 + ((14 - 9) + -7 - -8)).
-19
Calculate (93 - (-37 + 125)) + 30.
35
What is -64 + 84 + -41 + -60?
-81
Calculate -685 - -748 - (0 + 27) - -22.
58
Evaluate 3 + 4 + -2 + -99 + (171 - 2 - 177).
-102
What is the value of 10 + -26 + -2 + 5 + 342 + -339 - 126?
-136
Evaluate -82 + 79 + 94 - 3.
88
(-1 + (5 - 6) - 32) + (53 - 24) + -39
-44
What is (7 - -1) + (-15 - -20) - (66 - (17 - 15))?
-51
3 - (-8 + 6 + -2) - (-6 + 3) - 58
-48
Evaluate (8 - 10 - -19) + (-59 - -10).
-32
What is 91 + -11 + 10 + (-39 - -33) + 30?
114
What is the value of (31 - 53) + (2 - 39) + 10?
-49
What is 11 + 13 + (60 - 45)?
39
What is 41 - (-9 + 52) - (-11 - -2 - -66)?
-59
What is the value of -18 - (-38 + 49 - 123)?
94
Evaluate (12 - -3) + (-29 + 37 - (-8 - -84)).
-53
What is -10 + -48 - (93 - 142)?
-9
What is the value of 1 + 2 + (-1 - -1) + (1340 - 1348)?
-5
Calculate (-20 - (8 + -5)) + 17 + 16 + (4 - 12).
2
What is -1 + 3 - (1 - -5) - 0 - (38 + -27)?
-15
What is -27 + (-3 - (-10 - -4 - 6 - 1))?
-17
Evaluate (-29 - -1 - (18 + (14 - 43))) + (9 - 13).
-21
What is the value of (3 - (-18 - -58)) + -23 - (3 - 3)?
-60
-6 - 26 - (-20 + 77 - 53)
-36
-124 - (-291 + 85 - -128)
-46
What is (-2 + (-2 +